t is the thousands digit of 2458274?
8
What is the hundred thousands digit of 8672068?
6
What is the tens digit of 559105?
0
What is the units digit of 115746?
6
What is the ten thousands digit of 82930?
8
What is the thousands digit of 5089437?
9
What is the thousands digit of 94901?
4
What is the units digit of 207768?
8
What is the thousands digit of 1807092?
7
What is the units digit of 251371?
1
What is the units digit of 204162?
2
What is the millions digit of 8609617?
8
What is the hundreds digit of 595875?
8
What is the ten thousands digit of 23440846?
4
What is the hundreds digit of 5707826?
8
What is the hundreds digit of 180341?
3
What is the thousands digit of 3500491?
0
What is the hundreds digit of 11563543?
5
What is the ten thousands digit of 969856?
6
What is the ten thousands digit of 480262?
8
What is the ten thousands digit of 1685441?
8
What is the hundreds digit of 16276233?
2
What is the hundreds digit of 771651?
6
What is the ten millions digit of 17124015?
1
What is the ten thousands digit of 156469?
5
What is the hundred thousands digit of 525076?
5
What is the ten thousands digit of 9217955?
1
What is the thousands digit of 410094?
0
What is the hundred thousands digit of 452212?
4
What is the units digit of 32089?
9
What is the hundred thousands digit of 264192?
2
What is the thousands digit of 2042199?
2
What is the hundreds digit of 2875544?
5
What is the tens digit of 55713?
1
What is the hundreds digit of 22989929?
9
What is the thousands digit of 21644119?
4
What is the hundred thousands digit of 5703332?
7
What is the units digit of 676647?
7
What is the tens digit of 141430?
3
What is the units digit of 924961?
1
What is the ten thousands digit of 191030?
9
What is the hundred thousands digit of 246159?
2
What is the hundred thousands digit of 418973?
4
What is the tens digit of 159545?
4
What is the units digit of 64702?
2
What is the hundred thousands digit of 842676?
8
What is the ten millions digit of 15900430?
1
What is the units digit of 189?
9
What is the ten millions digit of 34121097?
3
What is the hundred thousands digit of 722882?
7
What is the hundred thousands digit of 181731?
1
What is the ten thousands digit of 39802?
3
What is the thousands digit of 1212380?
2
What is the millions digit of 3036873?
3
What is the thousands digit of 896494?
6
What is the hundred thousands digit of 6261015?
2
What is the hundreds digit of 222783?
7
What is the units digit of 6058765?
5
What is the ten thousands digit of 605434?
0
What is the thousands digit of 8400658?
0
What is the hundred thousands digit of 978391?
9
What is the units digit of 118120?
0
What is the millions digit of 1329966?
1
What is the tens digit of 3488381?
8
What is the hundred thousands digit of 512034?
5
What is the hundred thousands digit of 1531338?
5
What is the hundreds digit of 78987?
9
What is the tens digit of 21960480?
8
What is the hundreds digit of 287144?
1
What is the ten millions digit of 29428940?
2
What is the thousands digit of 315457?
5
What is the tens digit of 2684276?
7
What is the thousands digit of 204123?
4
What is the tens digit of 240127?
2
What is the tens digit of 2895462?
6
What is the millions digit of 7971501?
7
What is the hundred thousands digit of 1739179?
7
What is the hundred thousands digit of 2829553?
8
What is the hundreds digit of 782017?
0
What is the tens digit of 2278286?
8
What is the ten thousands digit of 1942730?
4
What is the thousands digit of 14349031?
9
What is the hundred thousands digit of 396809?
3
What is the hundreds digit of 223705?
7
What is the thousands digit of 548491?
8
What is the thousands digit of 277810?
7
What is the ten millions digit of 32124441?
3
What is the ten millions digit of 12975117?
1
What is the units digit of 195716?
6
What is the thousands digit of 15756330?
6
What is the thousands digit of 222308?
2
What is the hundred thousands digit of 2287222?
2
What is the millions digit of 1466224?
1
What is the thousands digit of 17157212?
7
What is the units digit of 5317839?
9
What is the thousands digit of 333410?
3
What is the hundreds digit of 9067051?
0
What is the units digit of 472300?
0
What is the tens digit of 252258?
5
What is the hundreds digit of 24629700?
7
What is the ten thousands digit of 5614802?
1
What is the units digit of 587536?
6
What is the thousands digit of 2471256?
1
What is the thousands digit of 2957992?
7
What is the ten thousands digit of 123902?
2
What is the thousands digit of 337256?
7
What is the thousands digit of 28056?
8
What is the units digit of 393662?
2
What is the units digit of 8193330?
0
What is the hundred thousands digit of 884201?
8
What is the thousands digit of 9854165?
4
What is the ten thousands digit of 3423433?
2
What is the hundreds digit of 240260?
2
What is the tens digit of 9376100?
0
What is the tens digit of 2475153?
5
What is the units digit of 274697?
7
What is the ten thousands digit of 604836?
0
What is the hundred thousands digit of 1194531?
1
What is the hundred thousands digit of 1502126?
5
What is the hundreds digit of 310808?
8
What is the tens digit of 605645?
4
What is the units digit of 12902215?
5
What is the ten thousands digit of 1190855?
9
What is the hundred thousands digit of 2314234?
3
What is the hundreds digit of 577742?
7
What is the thousands digit of 17582230?
2
What is the tens digit of 2548210?
1
What is the hundreds digit of 1033113?
1
What is the hundred thousands digit of 2748650?
7
What is the units digit of 794603?
3
What is the ten thousands digit of 923052?
2
What is the thousands digit of 680658?
0
What is the ten thousands digit of 172371?
7
What is the hundred thousands digit of 256224?
2
What is the ten thousands digit of 634290?
3
What is the hundred thousands digit of 323567?
3
What is the tens digit of 396928?
2
What is the tens digit of 384352?
5
What is the tens digit of 3523679?
7
What is the ten thousands digit of 676940?
7
What is the units digit of 5684405?
5
What is the units digit of 184613?
3
What is the ten thousands digit of 2720545?
2
What is the hundred thousands digit of 166193?
1
What is the ten thousands digit of 464339?
6
What is the tens digit of 3030145?
4
What is the thousands digit of 1073148?
3
What is the ten thousands digit of 7989519?
8
What is the hundreds digit of 4634336?
3
What is the millions digit of 4983167?
4
What is the tens digit of 189088?
8
What is the units digit of 386549?
9
What is the millions digit of 2450032?
2
What is the hundred thousands digit of 535935?
5
What is the thousands digit of 962401?
2
What is the hundred thousands digit of 8882534?
8
What is the tens digit of 327233?
3
What is the units digit of 11974559?
9
What is the units digit of 18528848?
8
What is the millions digit of 3105462?
3
What is the hundred thousands digit of 367124?
3
What is the tens digit of 1224085?
8
What is the ten thousands digit of 682960?
8
What is the hundreds digit of 3683?
6
What is the hundred thousands digit of 2709989?
7
What is the ten thousands digit of 2821060?
2
What is the thousands digit of 25680165?
0
What is the hundreds digit of 253318?
3
What is the hundred thousands digit of 5728528?
7
What is the hundred thousands digit of 181778?
1
What is the millions digit of 1604495?
1
What is the millions digit of 1984034?
1
What is the hundred thousands digit of 206361?
2
What is the units digit of 1514406?
6
What is the millions digit of 5045905?
5
What is the millions digit of 4576988?
4
What is the thousands digit of 14703838?
3
What is the hundred thousands digit of 410545?
4
What is the millions digit of 1057802?
1
What is the tens digit of 8104735?
3
What is the tens digit of 188878?
7
What is the thousands digit of 535003?
5
What is the thousands digit of 665851?
5
What is the ten thousands digit of 1880391?
8
What is the units digit of 981711?
1
What is the ten thousands digit of 446622?
4
What is the hundred thousands digit of 2098265?
0
What is the hundred thousands digit of 7354190?
3
What is the units digit of 197064?
4
What is the ten thousands digit of 112063?
1
What is the tens digit of 2705401?
0
What is the ten millions digit of 38867923?
3
What is the thousands digit of 4889260?
9
What is the tens digit of 404